 divide 369109610?
False
Is 3 a factor of 344842800?
True
Does 543 divide 121336545?
False
Does 218 divide 52774530?
True
Is 153 a factor of 20592270?
True
Is 17 a factor of 688450387?
False
Is 17865416 a multiple of 536?
True
Does 1589 divide 1657327?
True
Is 696 a factor of 16818840?
True
Does 74 divide 23418188?
True
Does 214 divide 3763080646?
True
Is 22927446 a multiple of 738?
True
Does 15 divide 28683945?
True
Is 7036398 a multiple of 9?
True
Does 457 divide 1714053148?
False
Is 208713348 a multiple of 87?
True
Is 491443640 a multiple of 339?
False
Is 540 a factor of 73981811?
False
Is 106878990 a multiple of 15?
True
Is 834 a factor of 726556614?
True
Is 23895616 a multiple of 16?
True
Does 9 divide 84407769?
True
Is 105 a factor of 81023419?
False
Does 2006 divide 471875655?
False
Is 897 a factor of 2608998054?
True
Does 1030 divide 11414880?
False
Is 22 a factor of 263434908?
True
Is 21126544 a multiple of 339?
False
Is 1577081044 a multiple of 1628?
True
Does 163 divide 26147645?
True
Is 25 a factor of 90445451?
False
Does 996 divide 1291659612?
True
Is 4199256354 a multiple of 1116?
False
Does 20 divide 46842597?
False
Is 34 a factor of 2678642298?
True
Is 1452 a factor of 285290412?
True
Does 3098 divide 226909912?
True
Is 5003712 a multiple of 252?
True
Is 894 a factor of 32253860?
False
Does 130 divide 36010000?
True
Is 899 a factor of 34266284?
True
Is 1000 a factor of 238836857?
False
Is 75502092 a multiple of 367?
False
Is 991 a factor of 187582426?
True
Is 30 a factor of 2548138770?
True
Is 10 a factor of 36434824?
False
Is 41163833 a multiple of 3?
False
Does 65 divide 26118196?
False
Is 546 a factor of 19783764?
True
Is 68 a factor of 12077004?
True
Is 92329594 a multiple of 7?
True
Is 16307935 a multiple of 12?
False
Is 2777610 a multiple of 6?
True
Is 1016315559 a multiple of 2373?
True
Is 258412050 a multiple of 78?
True
Is 234358180 a multiple of 686?
True
Is 227 a factor of 79798720?
False
Is 793306289 a multiple of 13?
False
Does 394 divide 923764633?
False
Does 9737 divide 1125958250?
False
Is 56 a factor of 2502869?
False
Does 13 divide 2553066295?
True
Is 61928145 a multiple of 648?
False
Is 40031598 a multiple of 1954?
True
Is 14 a factor of 38065454?
True
Is 4712 a factor of 267665160?
True
Does 2153 divide 268054959?
True
Is 20021893 a multiple of 182?
False
Does 160 divide 255547040?
True
Is 8 a factor of 312142696?
True
Is 3092844169 a multiple of 2995?
False
Does 280 divide 99825392?
False
Is 134 a factor of 88921291?
False
Is 215065218 a multiple of 19?
True
Does 9 divide 634339?
False
Is 93383262 a multiple of 42?
True
Does 408 divide 272078472?
True
Does 3 divide 596065986?
True
Does 32 divide 2786912?
True
Is 2 a factor of 6390938?
True
Does 11 divide 550026743?
False
Is 590 a factor of 124159010?
True
Does 1094 divide 242283783?
False
Is 65 a factor of 216591765?
True
Is 74 a factor of 88630682?
False
Is 103 a factor of 201172081?
True
Is 626364111 a multiple of 267?
True
Does 38 divide 327217240?
True
Is 558574321 a multiple of 3569?
False
Is 22 a factor of 1044275848?
True
Is 2533454174 a multiple of 947?
True
Does 36 divide 1194973392?
False
Does 66 divide 29378184?
True
Does 1555 divide 365515520?
False
Does 458 divide 4938157?
False
Is 570983720 a multiple of 20?
True
Does 146 divide 349086?
True
Is 190809870 a multiple of 286?
False
Is 90055102 a multiple of 4?
False
Is 328506325 a multiple of 25?
True
Is 1560 a factor of 175438084?
False
Is 102 a factor of 358843783?
False
Is 50 a factor of 778393200?
True
Does 8 divide 3058208?
True
Does 70 divide 87670800?
True
Does 1522 divide 565746?
False
Does 39 divide 91988169?
True
Is 27 a factor of 36489177?
True
Is 3167010 a multiple of 770?
True
Is 359 a factor of 1811042996?
False
Is 1250122849 a multiple of 29?
False
Is 4972 a factor of 1569874196?
True
Is 34 a factor of 1656695934?
True
Is 198567191 a multiple of 8?
False
Is 420525 a multiple of 525?
True
Does 180 divide 158395075?
False
Is 1314 a factor of 1302941376?
True
Is 141865713 a multiple of 522?
False
Is 13564249 a multiple of 185?
False
Is 148 a factor of 315252580?
True
Is 494036 a multiple of 14?
False
Is 42 a factor of 42850290?
True
Is 14 a factor of 6720126?
True
Is 707259157 a multiple of 209?
False
Is 19156491 a multiple of 37?
True
Is 21952353 a multiple of 329?
False
Is 6446 a factor of 417739476?
True
Is 705049097 a multiple of 3713?
False
Is 301 a factor of 68316766?
True
Is 17972001 a multiple of 57?
False
Does 9 divide 7047567?
True
Does 104 divide 34304295?
False
Does 13 divide 69717401?
True
Is 1893892670 a multiple of 20?
False
Is 9319840 a multiple of 124?
True
Is 80901530 a multiple of 10?
True
Does 539 divide 81668763?
False
Does 306 divide 1062987732?
False
Does 10 divide 505672610?
True
Is 6112468472 a multiple of 22?
True
Is 338 a factor of 6280503?
False
Does 1990 divide 119233597?
False
Is 171373196 a multiple of 908?
True
Is 4 a factor of 12920979?
False
Does 146 divide 656643353?
False
Does 5079 divide 3599472063?
True
Does 30 divide 2888047408?
False
Does 53 divide 16578135?
True
Does 332 divide 68100498?
False
Does 37 divide 16771829?
False
Is 499392449 a multiple of 60?
False
Is 1596190465 a multiple of 155?
True
Does 4112 divide 109688598?
False
Is 806816 a multiple of 2654?
True
Is 164521798 a multiple of 13?
False
Is 44514919 a multiple of 630?
False
Does 17 divide 729918872?
False
Does 9 divide 480486771?
True
Is 25275649 a multiple of 15?
False
Is 4615 a factor of 4578298914?
False
Is 22183184 a multiple of 86?
True
Is 87581370 a multiple of 37?
False
Is 3797301485 a multiple of 8106?
False
Is 319300560 a multiple of 18?
True
Does 47 divide 2440179956?
False
Is 1876 a factor of 9428776?
True
Does 4 divide 182134207?
False
Does 294 divide 11125851?
False
Is 1161 a factor of 30205737?
True
Is 30 a factor of 13768453?
False
Does 9 divide 561130218?
True
Does 14 divide 64102160?
False
Is 315 a factor of 6055975?
False
Is 118673578 a multiple of 1568?
False
Does 1420 divide 4109410420?
True
Is 29 a factor of 717428042?
True
Does 1070 divide 22229482?
False
Is 239 a factor of 10590090?
True
Does 134 divide 4063944094?
True
Is 1104503430 a multiple of 51?
True
Is 277244721 a multiple of 4311?
True
Is 2999 a factor of 1821330654?
False
Is 724978564 a multiple of 262?
False
Is 96 a factor of 256434720?
True
Is 118 a factor of 23680332?
False
Is 211840822 a multiple of 468?
False
Is 49 a factor of 968206660?
False
Is 477 a factor of 314461773?
True
Is 95668067 a multiple of 10?
False
Is 24 a factor of 84254784?
True
Is 56 a factor of 50728816?
False
Is 297 a factor of 109707345?
True
Is 3033035960 a multiple of 1720?
True
Is 167575163 a multiple of 47?
True
Is 54406317 a multiple of 1033?
False
Is 10263240 a multiple of 86?
True
Does 2 divide 966360734?
True
Is 1748 a factor of 480935980?
True
Is 103008373 a multiple of 5128?
False
Does 14 divide 41497716?
False
Does 28 divide 2260818806?
False
Is 262 a factor of 42486208?
False
Does 3 divide 48638235?
True
Does 2681 divide 163109359?
True
Does 39 divide 300571830?
True
Does 5246 divide 796946090?
True
Is 308119833 a multiple of 234?
False
Is 161089144 a multiple of 2663?
False
Is 13730099 a multiple of 43?
False
Is 24 a factor of 341515752?
True
Does 43 divide 2322388244?
False
Does 124 divide 6366679?
False
Is 181 a factor of 113782483?
False
Is 33860153 a multiple of 885?
False
Is 28567916 a multiple of 94?
True
Is 202 a factor of 66433154?
True
Is 627880329 a multiple of 11?
False
Is 681147 a multiple of 217?
False
Is 464646 a multiple of 7?
True
Is 83328021 a multiple of 189?
True
Does 166 divide 1095998400?
True
Is 12 a factor of 33470976?
True
Is 10733751 a multiple of 491?
True
Is 103 a factor of 20877173?
True
Is 10171650 a multiple of 498?
True
Is 1169132125 a multiple of 13?
False
Is 327846242 a multiple of 3700?
False
Does 1245 divide 141823367?
False
Is 1382 a factor of 242636358?
True
Is 1171 a factor of 53720959?
False
Is 17 a factor of 459898771?
False
Does 30 divide 46636230?
True
Is 2344 a factor of 38460352?
True
Is 92153204 a multiple of 572?
True
Is 1993 a factor of 244404018?
False
Is 498455982 a multiple of 9?
True
Is 66721270 a multiple of 10?
True
Does 43 divide 688566697?
True
Is 1190